*r - 9. Let h(c) = -c**3 + 8*c**2 + 241*c + 2. Calculate the remainder when v(6) is divided by h(20).
19
Let w(c) = -c**3 + 5*c**2 + 8*c + 2. Calculate the remainder when w(6) is divided by (-22)/(-22) - 9/((-36)/20).
2
Suppose 2405 + 6310 = 105*k. What is the remainder when k is divided by 49?
34
What is the remainder when -1 + (-11)/((-110)/5420) is divided by 80?
61
Suppose -45485 + 245393 = 622*m + 1229*m. Suppose -3*s = -21 - 9. What is the remainder when m is divided by s?
8
What is the remainder when 1846 is divided by (-8850)/413*(-14)/6?
46
Suppose 0 = -3*y - 2*p + 1162, -5*p + 713 = 688. What is the remainder when y is divided by 35?
34
Suppose -3638 - 2342 = -26*k. What is the remainder when k is divided by 63?
41
Let o(t) = 395*t**2 + t. Calculate the remainder when o(-1) is divided by -1*648/(-60)*(-440)/(-132).
34
Let r(c) = -39*c. Let u(a) = -a**2 - 3. Let j(d) = 5*d**2 + 13*d + 13. Let s(q) = j(q) + u(q). What is the remainder when s(-7) is divided by r(-1)?
37
Let j(y) = 2*y**2 + 33*y - 247. Calculate the remainder when 7196 is divided by j(6).
20
Suppose 0 = -2*u + 2, l + 0*l + u = 15. Let f = 2253 - 2224. What is the remainder when f is divided by l?
1
Suppose 4*s + 80 - 452 = -4*r, 2*s - 161 = 3*r. Let h be 282/(-470)*(-1 + (1 - 10)). Suppose 2 = h*j - s. What is the remainder when 21 is divided by j?
6
Let x(z) = 3*z**2 + z - 4. Let h be ((-45)/18)/((-5)/4). Let q be x(h). What is the remainder when (q/(-12) - (-2)/4)*-291 is divided by 25?
22
Let x be (1 - 171/(-12)) + (-36)/144. Suppose -x*j + 5 = -970. Calculate the remainder when 78 is divided by j.
13
Suppose 2*s - 184 = 2*c, 4*c - 8*c - 275 = -3*s. Let p(n) = 21*n**2. Let g be p(1). Let r = g - -3. Calculate the remainder when s is divided by r.
21
Suppose 0 = -13*b + 5*b + 472. What is the remainder when 1644 is divided by b?
51
Suppose 0*z + 3*c = -5*z + 1652, 5*c = 5*z - 1620. Let w = 424 - z. What is the remainder when w is divided by 11?
8
Suppose 68*j - 72*j - 180*j + 616952 = 0. What is the remainder when j is divided by 88?
9
Suppose 0 = -149*g + 19*g + 1777 + 16683. What is the remainder when g is divided by 59?
24
Let f(o) = -106*o - 324. What is the remainder when 281 is divided by f(-4)?
81
Suppose 51572*k - 8970 = 51273*k. Let c(i) = i**2 - 5*i - 8. Let s be c(6). Let a(x) = -53*x + 1. What is the remainder when a(s) is divided by k?
17
Suppose -42*d + 5777 = -7663. Suppose 5*c = 4*a + 113 - 34, 39 = c + 5*a. Calculate the remainder when d is divided by c.
16
Let z(t) = 5*t**2 - 2. Let j be z(2). Let x be 112/j + (-18)/81. Suppose 0 = -v + i + 19, -2*i - 59 = -5*v - x*i. What is the remainder when 29 is divided by v?
14
Let n(c) = c**2 + 32*c - 651. Calculate the remainder when n(18) is divided by 48.
9
Let z(i) = -i + 21. Let o be z(17). Calculate the remainder when o - (-9)/(-2)*(1 + -13) is divided by 12.
10
Let x(a) = -42*a**2 - 43*a**2 + 7 + 126*a**2 + 16*a - 42*a**2. Calculate the remainder when x(12) is divided by 29.
26
Let a(z) = -2*z**3 + 13*z**2 + 38*z + 142. Let o = 7 - -34. Calculate the remainder when a(-4) is divided by o.
39
Suppose 73*z + 24 = 75*z. Let v = z + 7. Suppose -28 = -3*y - 5*f, -2*y - 2*f - 2*f + 20 = 0. What is the remainder when v is divided by y?
1
Suppose 2*j + 105 = f, 26*j - 27*j = 4*f - 411. What is the remainder when f is divided by 90?
13
Suppose -9 = -3*j, -2*j = a + 44 - 59. What is the remainder when 228 is divided by a?
3
Suppose 0 = -2*q - w + 120, 400 = -2*q - 3*w + 532. What is the remainder when q is divided by (3/(-2))/(2/(-20))?
12
Calculate the remainder when 1194/((-7)/(-1) + (-18)/(-12)*-4) is divided by 30.
24
Suppose -27*c + 1290 = 9*c - 294. What is the remainder when 213 is divided by c?
37
Suppose -10*d - 784 = -3*d. Let c = -35 - d. Suppose 0 = -84*f + 319 + 353. Calculate the remainder when c is divided by f.
5
Suppose 13*d - 1229 = -579. What is the remainder when 1348 is divided by d?
48
Let r = 6 + -4. Suppose a - 80 = -a - r*b, 0 = 3*a + 2*b - 115. Calculate the remainder when a is divided by 19.
16
Suppose 5*z - 2*j - 555 = 0, 43*j = -z + 45*j + 103. What is the remainder when 3614 is divided by z?
111
Suppose 0 = -50*k + 39*k + 2420. Suppose 0 = -20*i + 10*i + k. Calculate the remainder when 109 is divided by i.
21
Suppose -18*q - 374 = -7934. Suppose -5*s - q = -5*f, 6*f - s - 408 = f. What is the remainder when f is divided by 28?
25
Let b = 8096 + -8066. Calculate the remainder when 581 is divided by b.
11
Suppose 0 = 5*r + 2*n - 273, -r = -2*r + n + 56. What is the remainder when r is divided by ((-612)/714)/((-12)/644)?
9
Let o(p) = p**2 + 22*p + 39. Let v be -11 - (5 - (0 + (2 - 1))). Let g be o(v). What is the remainder when -5 - 3/(-3) - (-1 + g) is divided by 35?
28
Suppose -6*h + h + 135 = -5*p, -h + 2*p + 30 = 0. Suppose 319*s - 32793 - 31387 = 11742. Calculate the remainder when s is divided by h.
22
Let r(p) = 49*p - 2165. Calculate the remainder when 864 is divided by r(50).
9
Suppose 14 = 5*m - 126. Calculate the remainder when 70*(-4)/m*35/(-10) is divided by ((-4)/4)/(2/(-22)).
2
Suppose 11 = 3*v + i, 0*v + 5 = 5*v - i. Let b be (-24)/(-14)*(37/v - 1). Suppose 94 = 4*k - b. Calculate the remainder when k is divided by 17.
14
Let s(y) = y**2 + 49*y - 888. Calculate the remainder when s(-70) is divided by 121.
98
Suppose -9*i - 2*i = -33. Suppose 0 = 2*r - t - 13, -i*r - 2*t + 54 = 17. Calculate the remainder when 51 is divided by r.
6
Calculate the remainder when (7 + -6)/(-3*(-1)/10503) is divided by 206.
205
Suppose 2*v - 3*t - 71 = 0, -49*v = -52*v - 5*t + 97. Calculate the remainder when 149 is divided by v.
13
Let m = 8613 + -8473. Calculate the remainder when m is divided by 44.
8
Suppose 442*j - 282430 = 731*j - 350*j. Calculate the remainder when j is divided by 514.
4
Suppose -189*i = -188*i - 35. Let a(k) = 51*k**2 - 3*k - 3. Calculate the remainder when a(-2) is divided by i.
32
Let b = -90110 + 90148. Let j(q) = 4*q**2 - 2*q + 2. What is the remainder when b is divided by j(2)?
10
Let n = -5448 - -5466. Calculate the remainder when 85 is divided by n.
13
Suppose -32 - 55 = -3*w. Let u(b) = -2*b**2 + 225*b - 4955. What is the remainder when u(31) is divided by w?
11
Suppose -3*v + 15 = -3*i, -5*i + 6 + 1 = 3*v. Let a = 106 - 99. Calculate the remainder when v/(-22) + (-738)/(-66) is divided by a.
4
Let d be 15/3*(-32)/(-20). Let x = 4 + 38. Let j = x - d. What is the remainder when j is divided by 9?
7
Suppose -3*g + 85 = -98. Suppose 4*n = -10*n + 9*n - 5*s, 5 = -s. What is the remainder when g is divided by n?
1
Suppose -13*l - 3*l = -816. Suppose -3*d + 5*y + 85 = 6, 21 = 2*d + 3*y. Calculate the remainder when l is divided by d.
15
What is the remainder when 5660 is divided by 0 + (0 - -3)*(14/(-3))/(-2)?
4
Let w(z) = 25*z**2 + 5*z + 4. Let f(l) = 26*l**2 + 4*l + 3. Let m(d) = 5*f(d) - 4*w(d). Calculate the remainder when m(1) is divided by 11.
7
Calculate the remainder when 274 is divided by (1/5 + 860/50)/((-3)/(-10)).
42
Let t be 41/1 - (2 + 11 + -7). Suppose t*s - 2988 = -s. What is the remainder when 995 is divided by s?
82
Suppose 5*u - 31*u + 1140 = -6*u. Let h(v) = -2*v**3 + 3*v**2 + 6*v + 5. Calculate the remainder when h(-6) is divided by u.
53
Let r = 29847 - 29755. What is the remainder when 399 is divided by r?
31
Suppose -14*f + 17*f - 4*o = 40, 3*f - 41 = 5*o. Calculate the remainder when 2709 is divided by f.
9
Let s be (-9 + (-170)/(-10))*(26 - 0). Suppose 4*h + 5*i = 14 + 189, 0 = 4*h + 4*i - s. Calculate the remainder when h is divided by 16.
9
Let n(h) = 3*h**2 - 9*h + 9. Let p be n(6). Suppose 62*t = p*t - 117. Let y = t - 95. Calculate the remainder when 60 is divided by y.
16
What is the remainder when 4/((-1)/(-3) - 11325/34029) is divided by 17?
14
Suppose 10*l + 21 = 6*l + b, 0 = 5*b - 25. What is the remainder when (-2 - l) + 274 + -2 + 8 is divided by 22?
18
Let b(k) = 109 - 27 - 33 + 27*k - 30 - 22. What is the remainder when b(14) is divided by 13?
11
Let a(f) = -2*f**3 + f**2 + 235*f + 910. Suppose -2*w - w = -87. What is the remainder when a(-4) is divided by w?
27
Suppose 61*u - 89*u = 0. Suppose 42*i + 37*i - 7979 = u. Calculate the remainder when i is divided by 8.
5
Let z(b) = b**2 + 73*b - 680. What is the remainder whe